{"id":29812,"date":"2025-12-01T09:14:43","date_gmt":"2025-12-01T13:14:43","guid":{"rendered":"https:\/\/iutilityvenezuela.com\/?post_type=product&#038;p=29812"},"modified":"2025-12-01T11:34:30","modified_gmt":"2025-12-01T15:34:30","slug":"125-filler-cinta-de-relleno-1-1-2","status":"publish","type":"product","link":"https:\/\/iutilityvenezuela.com\/?product=125-filler-cinta-de-relleno-1-1-2","title":{"rendered":"125 FILLER &#8211; Cinta de Relleno 1-1\/2&#8243;"},"content":{"rendered":"<p>Masilla aislante para baja tensi\u00f3n, auto-soldable de 3,2mm especialmente dise\u00f1ado para un encintado r\u00e1pido y libre de burbujas. Puede moldearse f\u00e1cilmente a mano para adaptarse a formas irregulares y puede usarse como aislamiento primario para empalmes hasta 5kV en combinaci\u00f3n con otras cintas aislantes.<\/p>\n<p><b>Continuo 80\u00baC\/Sobrecarga 95\u00baC<\/b><\/p>\n<p><strong>Caracter\u00edsticas:<\/strong><\/p>\n<p><strong><img fetchpriority=\"high\" decoding=\"async\" class=\"alignnone size-medium wp-image-29813\" src=\"https:\/\/iutilityvenezuela.com\/wp-content\/uploads\/2025\/12\/Captura-de-pantalla-2025-12-01-092319-400x134.png\" alt=\"\" width=\"400\" height=\"134\" srcset=\"https:\/\/iutilityvenezuela.com\/wp-content\/uploads\/2025\/12\/Captura-de-pantalla-2025-12-01-092319-400x134.png 400w, https:\/\/iutilityvenezuela.com\/wp-content\/uploads\/2025\/12\/Captura-de-pantalla-2025-12-01-092319-768x258.png 768w, https:\/\/iutilityvenezuela.com\/wp-content\/uploads\/2025\/12\/Captura-de-pantalla-2025-12-01-092319-350x118.png 350w, https:\/\/iutilityvenezuela.com\/wp-content\/uploads\/2025\/12\/Captura-de-pantalla-2025-12-01-092319-500x168.png 500w, https:\/\/iutilityvenezuela.com\/wp-content\/uploads\/2025\/12\/Captura-de-pantalla-2025-12-01-092319-150x50.png 150w, https:\/\/iutilityvenezuela.com\/wp-content\/uploads\/2025\/12\/Captura-de-pantalla-2025-12-01-092319.png 899w\" sizes=\"(max-width: 400px) 100vw, 400px\" \/><\/strong><\/p>\n<pre style=\"text-align: right\">125 FILLER TAPE \/ 13145<\/pre>\n","protected":false},"excerpt":{"rendered":"<p>Cinta elastom\u00e9rica no adhesiva dise\u00f1ada para proteger todo tipo de cables el\u00e9ctricos contra la propagaci\u00f3n del fuego y el arco el\u00e9ctrico.<\/p>\n","protected":false},"featured_media":29814,"comment_status":"open","ping_status":"closed","template":"","meta":[],"product_brand":[98],"product_cat":[73,82],"product_tag":[318],"class_list":{"0":"post-29812","1":"product","2":"type-product","3":"status-publish","4":"has-post-thumbnail","6":"product_brand-plymouth","7":"product_cat-cintas-aislantes","8":"product_cat-proteccion-de-empalmes","9":"product_tag-cinta-de-relleno","11":"first","12":"instock","13":"taxable","14":"shipping-taxable","15":"purchasable","16":"product-type-simple"},"_links":{"self":[{"href":"https:\/\/iutilityvenezuela.com\/index.php?rest_route=\/wp\/v2\/product\/29812","targetHints":{"allow":["GET"]}}],"collection":[{"href":"https:\/\/iutilityvenezuela.com\/index.php?rest_route=\/wp\/v2\/product"}],"about":[{"href":"https:\/\/iutilityvenezuela.com\/index.php?rest_route=\/wp\/v2\/types\/product"}],"replies":[{"embeddable":true,"href":"https:\/\/iutilityvenezuela.com\/index.php?rest_route=%2Fwp%2Fv2%2Fcomments&post=29812"}],"version-history":[{"count":1,"href":"https:\/\/iutilityvenezuela.com\/index.php?rest_route=\/wp\/v2\/product\/29812\/revisions"}],"predecessor-version":[{"id":29815,"href":"https:\/\/iutilityvenezuela.com\/index.php?rest_route=\/wp\/v2\/product\/29812\/revisions\/29815"}],"wp:featuredmedia":[{"embeddable":true,"href":"https:\/\/iutilityvenezuela.com\/index.php?rest_route=\/wp\/v2\/media\/29814"}],"wp:attachment":[{"href":"https:\/\/iutilityvenezuela.com\/index.php?rest_route=%2Fwp%2Fv2%2Fmedia&parent=29812"}],"wp:term":[{"taxonomy":"product_brand","embeddable":true,"href":"https:\/\/iutilityvenezuela.com\/index.php?rest_route=%2Fwp%2Fv2%2Fproduct_brand&post=29812"},{"taxonomy":"product_cat","embeddable":true,"href":"https:\/\/iutilityvenezuela.com\/index.php?rest_route=%2Fwp%2Fv2%2Fproduct_cat&post=29812"},{"taxonomy":"product_tag","embeddable":true,"href":"https:\/\/iutilityvenezuela.com\/index.php?rest_route=%2Fwp%2Fv2%2Fproduct_tag&post=29812"}],"curies":[{"name":"wp","href":"https:\/\/api.w.org\/{rel}","templated":true}]}}