{"id":29337,"date":"2025-09-11T02:59:00","date_gmt":"2025-09-11T06:59:00","guid":{"rendered":"https:\/\/iutilityvenezuela.com\/?post_type=product&#038;p=29337"},"modified":"2025-10-19T21:40:41","modified_gmt":"2025-10-20T01:40:41","slug":"seccionador-de-carga-4vias-15-5kv-600a","status":"publish","type":"product","link":"https:\/\/iutilityvenezuela.com\/?product=seccionador-de-carga-4vias-15-5kv-600a","title":{"rendered":"Seccionador de Carga | 4v\u00edas 15.5kV 600A"},"content":{"rendered":"<p><strong>Atributos:<br \/>\n<\/strong>+ Aislante Ep\u00f3xico ( Alta resistencia diel\u00e9ctrica).<br \/>\n+ Dise\u00f1o compacto y modular.<br \/>\n+ Excelente comportamiento en ambientes h\u00famedos y contaminados.<br \/>\n+ Libre de mantenimiento.<br \/>\n+ No inflamable y resistente a impactos.<br \/>\n+ Capacidad de apertura\/cierre bajo carga (Clase E3).<br \/>\n+ Resistencia mec\u00e1nica alta (Clase M2) (Hasta 5.000 operaciones).<br \/>\n+ Grado de protecci\u00f3n: IPX8 (sumergible).<br \/>\n+ Uso en instalaciones subterr\u00e1neas o en superficies.<br \/>\n+ Temperatura de operaci\u00f3n: \u201325 \u00b0C a +50 \u00b0C.<br \/>\n+ Altitud m\u00e1xima recomendada: 1.000 m.<\/p>\n","protected":false},"excerpt":{"rendered":"<p>Equipo compacto y libre de mantenimiento, dise\u00f1ado para maniobras bajo carga en redes subterr\u00e1neas o de superficie. Fabricado en aislante ep\u00f3xico de alta resistencia diel\u00e9ctrica, ofrece m\u00e1xima seguridad, durabilidad y excelente desempe\u00f1o en ambientes exigentes.<\/p>\n","protected":false},"featured_media":29381,"comment_status":"open","ping_status":"closed","template":"","meta":[],"product_brand":[104],"product_cat":[304,305],"product_tag":[229,230],"class_list":{"0":"post-29337","1":"product","2":"type-product","3":"status-publish","4":"has-post-thumbnail","6":"product_brand-iutility","7":"product_cat-seccionador-2","8":"product_cat-4-vias","9":"product_tag-aislante-epoxico","10":"product_tag-libre-mantenimiento","12":"first","13":"instock","14":"taxable","15":"shipping-taxable","16":"purchasable","17":"product-type-simple"},"_links":{"self":[{"href":"https:\/\/iutilityvenezuela.com\/index.php?rest_route=\/wp\/v2\/product\/29337","targetHints":{"allow":["GET"]}}],"collection":[{"href":"https:\/\/iutilityvenezuela.com\/index.php?rest_route=\/wp\/v2\/product"}],"about":[{"href":"https:\/\/iutilityvenezuela.com\/index.php?rest_route=\/wp\/v2\/types\/product"}],"replies":[{"embeddable":true,"href":"https:\/\/iutilityvenezuela.com\/index.php?rest_route=%2Fwp%2Fv2%2Fcomments&post=29337"}],"version-history":[{"count":2,"href":"https:\/\/iutilityvenezuela.com\/index.php?rest_route=\/wp\/v2\/product\/29337\/revisions"}],"predecessor-version":[{"id":29459,"href":"https:\/\/iutilityvenezuela.com\/index.php?rest_route=\/wp\/v2\/product\/29337\/revisions\/29459"}],"wp:featuredmedia":[{"embeddable":true,"href":"https:\/\/iutilityvenezuela.com\/index.php?rest_route=\/wp\/v2\/media\/29381"}],"wp:attachment":[{"href":"https:\/\/iutilityvenezuela.com\/index.php?rest_route=%2Fwp%2Fv2%2Fmedia&parent=29337"}],"wp:term":[{"taxonomy":"product_brand","embeddable":true,"href":"https:\/\/iutilityvenezuela.com\/index.php?rest_route=%2Fwp%2Fv2%2Fproduct_brand&post=29337"},{"taxonomy":"product_cat","embeddable":true,"href":"https:\/\/iutilityvenezuela.com\/index.php?rest_route=%2Fwp%2Fv2%2Fproduct_cat&post=29337"},{"taxonomy":"product_tag","embeddable":true,"href":"https:\/\/iutilityvenezuela.com\/index.php?rest_route=%2Fwp%2Fv2%2Fproduct_tag&post=29337"}],"curies":[{"name":"wp","href":"https:\/\/api.w.org\/{rel}","templated":true}]}}