{"id":28787,"date":"2025-06-23T17:44:53","date_gmt":"2025-06-23T21:44:53","guid":{"rendered":"https:\/\/iutility.grupoloscar.net\/?post_type=product&#038;p=28787"},"modified":"2025-10-23T21:55:27","modified_gmt":"2025-10-24T01:55:27","slug":"conexion-modular-en-u-15kv-200a","status":"publish","type":"product","link":"https:\/\/iutilityvenezuela.com\/?product=conexion-modular-en-u-15kv-200a","title":{"rendered":"CONEXION MODULAR EN \u00abU\u00bb 15KV\u00a0200A"},"content":{"rendered":"<p>El inserto Doble Rotatorio CHARDON est\u00e1 dise\u00f1ado para instalarse en una boquilla tipo pozo de media tensi\u00f3n y se utiliza para conectar codos de operaci\u00f3n con carga y codos apartarrayos.<\/p>\n<p>Contiene una matraca limitadora de torque que permite al instalador girar el inserto doble 360\u00b0 o para alinearlo en la posici\u00f3n \u00f3ptima para su instalaci\u00f3n. Adem\u00e1s, se incluye en el kit una placa para fijar el inserto una vez que se encontr\u00f3 la posici\u00f3n requerida.<\/p>\n<p>El inserto doble est\u00e1 dise\u00f1ado para ser instalado en una boquilla tipo pozo que cumpla con los est\u00e1ndares y requerimientos de la norma para Sistemas conectores aislados separables ANSI \/ IEEE 386.<\/p>\n<hr \/>\n<h4><span style=\"color: #000000\"><strong>Recursos (2)<\/strong><\/span><\/h4>\n<p><strong><a class=\"keychainify-checked\" style=\"color: #000000\" href=\"https:\/\/www.chardongroup.com\/wp-content\/uploads\/2023\/06\/15LFTI__062123.pdf\" target=\"_blank\" rel=\"noopener\"><img decoding=\"async\" class=\"alignnone wp-image-29020 size-full\" src=\"https:\/\/iutility.grupoloscar.net\/wp-content\/uploads\/2025\/05\/descargar.png\" alt=\"\" width=\"24\" height=\"24\" \/><\/a><a class=\"keychainify-checked\" href=\"https:\/\/www.chardongroup.com\/wp-content\/uploads\/2023\/06\/15LFTI__062123.pdf\" target=\"_blank\" rel=\"noopener\">Descargar cat\u00e1logo<\/a><\/strong><\/p>\n<p><strong><span style=\"color: #000000\"><a class=\"keychainify-checked\" style=\"color: #000000\" href=\"https:\/\/www.chardongroup.com\/wp-content\/uploads\/2024\/01\/6.-152535-LFTI-EN-REV-A.pdf\" target=\"_blank\" rel=\"noopener\"><img decoding=\"async\" class=\"alignnone wp-image-29020 size-full\" src=\"https:\/\/iutility.grupoloscar.net\/wp-content\/uploads\/2025\/05\/descargar.png\" alt=\"\" width=\"24\" height=\"24\" \/><\/a><\/span><a class=\"keychainify-checked\" href=\"https:\/\/www.chardongroup.com\/wp-content\/uploads\/2024\/01\/6.-152535-LFTI-EN-REV-A.pdf\" target=\"_blank\" rel=\"noopener\">Descargar Instructivo de Instalaci\u00f3n<\/a><\/strong><\/p>\n<pre style=\"text-align: right\">CHCD0003 \/ CHCD0003<\/pre>\n","protected":false},"excerpt":{"rendered":"<p>El inserto Doble Rotatorio CHARDON est\u00e1 dise\u00f1ado para instalarse en una boquilla tipo pozo de media tensi\u00f3n y se utiliza para conectar codos de operaci\u00f3n con carga y codos apartarrayos.\u00a0Contiene una matraca limitadora de torque que permite al instalador girar el inserto doble 360\u00b0 o para alinearlo en la posici\u00f3n \u00f3ptima para su instalaci\u00f3n.<\/p>\n","protected":false},"featured_media":28788,"comment_status":"open","ping_status":"closed","template":"","meta":[],"product_brand":[99],"product_cat":[76,185],"product_tag":[151,171,186,197],"class_list":{"0":"post-28787","1":"product","2":"type-product","3":"status-publish","4":"has-post-thumbnail","6":"product_brand-chardon","7":"product_cat-conectores","8":"product_cat-insercion-doble","9":"product_tag-accesorios-para-cables-ieee-ansi","10":"product_tag-en-u","11":"product_tag-ieee","12":"product_tag-insercion-doble","14":"first","15":"instock","16":"taxable","17":"shipping-taxable","18":"purchasable","19":"product-type-simple"},"_links":{"self":[{"href":"https:\/\/iutilityvenezuela.com\/index.php?rest_route=\/wp\/v2\/product\/28787","targetHints":{"allow":["GET"]}}],"collection":[{"href":"https:\/\/iutilityvenezuela.com\/index.php?rest_route=\/wp\/v2\/product"}],"about":[{"href":"https:\/\/iutilityvenezuela.com\/index.php?rest_route=\/wp\/v2\/types\/product"}],"replies":[{"embeddable":true,"href":"https:\/\/iutilityvenezuela.com\/index.php?rest_route=%2Fwp%2Fv2%2Fcomments&post=28787"}],"version-history":[{"count":5,"href":"https:\/\/iutilityvenezuela.com\/index.php?rest_route=\/wp\/v2\/product\/28787\/revisions"}],"predecessor-version":[{"id":29605,"href":"https:\/\/iutilityvenezuela.com\/index.php?rest_route=\/wp\/v2\/product\/28787\/revisions\/29605"}],"wp:featuredmedia":[{"embeddable":true,"href":"https:\/\/iutilityvenezuela.com\/index.php?rest_route=\/wp\/v2\/media\/28788"}],"wp:attachment":[{"href":"https:\/\/iutilityvenezuela.com\/index.php?rest_route=%2Fwp%2Fv2%2Fmedia&parent=28787"}],"wp:term":[{"taxonomy":"product_brand","embeddable":true,"href":"https:\/\/iutilityvenezuela.com\/index.php?rest_route=%2Fwp%2Fv2%2Fproduct_brand&post=28787"},{"taxonomy":"product_cat","embeddable":true,"href":"https:\/\/iutilityvenezuela.com\/index.php?rest_route=%2Fwp%2Fv2%2Fproduct_cat&post=28787"},{"taxonomy":"product_tag","embeddable":true,"href":"https:\/\/iutilityvenezuela.com\/index.php?rest_route=%2Fwp%2Fv2%2Fproduct_tag&post=28787"}],"curies":[{"name":"wp","href":"https:\/\/api.w.org\/{rel}","templated":true}]}}