{"id":28670,"date":"2025-06-23T14:45:01","date_gmt":"2025-06-23T18:45:01","guid":{"rendered":"https:\/\/iutility.grupoloscar.net\/?post_type=product&#038;p=28670"},"modified":"2025-10-23T20:55:49","modified_gmt":"2025-10-24T00:55:49","slug":"terminal-copa-contractil-en-frio-int-15kv-400-1000-mcm","status":"publish","type":"product","link":"https:\/\/iutilityvenezuela.com\/?product=terminal-copa-contractil-en-frio-int-15kv-400-1000-mcm","title":{"rendered":"TERMINAL COPA CONTRACTIL EN FRIO INT 15KV 400 &#8211; 1000 MCM"},"content":{"rendered":"<p>La Terminaci\u00f3n Contr\u00e1ctil en Fr\u00edo Chardon (CSTI) es una soluci\u00f3n de alto rendimiento para la terminaci\u00f3n de cables de media tensi\u00f3n en interiores en diversas aplicaciones. Consiste en una carcasa de caucho de silicona resistente a los rayos UV que contiene un compuesto controlador de estr\u00e9s, el cual reduce el estr\u00e9s el\u00e9ctrico en el extremo del cable y asegura una operaci\u00f3n confiable en ambientes interiores. La carcasa est\u00e1 preensamblada en un tubo pl\u00e1stico removible y tiene propiedades el\u00e9ctricas y mec\u00e1nicas superiores.<\/p>\n<p>La instalaci\u00f3n del CSTI es simple y r\u00e1pida: el instalador solo necesita deslizar el CSTI sobre el extremo del cable y sacar el tubo pl\u00e1stico, causando que la carcasa se contraiga sobre el cable y cree un sello herm\u00e9tico. No se requieren herramientas especiales ni fuentes de calor para la instalaci\u00f3n, mejorando la seguridad y conveniencia en comparaci\u00f3n con las terminaciones termocontr\u00e1ctiles. El CSTI est\u00e1 dise\u00f1ado para tener una larga vida \u00fatil, sin necesidad de mantenimiento o reemplazo. Puede soportar voltajes de hasta 42 kV y cumple con las normas GB\/T 12706.4 e IEC 60502.4.<\/p>\n<hr \/>\n<h4><span style=\"color: #000000\"><strong>Recursos (2)<\/strong><\/span><\/h4>\n<p><strong><a class=\"keychainify-checked\" style=\"color: #000000\" href=\"https:\/\/www.chardongroup.com\/wp-content\/uploads\/2024\/07\/IEC-CSTI_07182024.pdf\" target=\"_blank\" rel=\"noopener\"><img decoding=\"async\" class=\"alignnone wp-image-29020 size-full\" src=\"https:\/\/iutility.grupoloscar.net\/wp-content\/uploads\/2025\/05\/descargar.png\" alt=\"\" width=\"24\" height=\"24\" \/><\/a><a class=\"keychainify-checked\" href=\"https:\/\/www.chardongroup.com\/wp-content\/uploads\/2024\/07\/IEC-CSTI_07182024.pdf\" target=\"_blank\" rel=\"noopener\">Descargar cat\u00e1logo<\/a><\/strong><\/p>\n<p><strong><span style=\"color: #000000\"><a class=\"keychainify-checked\" style=\"color: #000000\" href=\"https:\/\/www.chardongroup.com\/wp-content\/uploads\/2023\/11\/17.5kV-Indoor-Cold-Shrinkable-Termination-Single-core.pdf\" target=\"_blank\" rel=\"noopener\"><img decoding=\"async\" class=\"alignnone wp-image-29020 size-full\" src=\"https:\/\/iutility.grupoloscar.net\/wp-content\/uploads\/2025\/05\/descargar.png\" alt=\"\" width=\"24\" height=\"24\" \/><\/a><\/span><a class=\"keychainify-checked\" href=\"https:\/\/www.chardongroup.com\/wp-content\/uploads\/2023\/11\/17.5kV-Indoor-Cold-Shrinkable-Termination-Single-core.pdf\" target=\"_blank\" rel=\"noopener\">Descargar Instructivo de Instalaci\u00f3n<\/a><\/strong><\/p>\n","protected":false},"excerpt":{"rendered":"<p>La Terminaci\u00f3n Contr\u00e1ctil en Fr\u00edo Chardon (CSTI) es una soluci\u00f3n de alto rendimiento para la terminaci\u00f3n de cables de media tensi\u00f3n en interiores en diversas aplicaciones. Consiste en una carcasa de caucho de silicona resistente a los rayos UV que contiene un compuesto controlador de estr\u00e9s, el cual reduce el estr\u00e9s el\u00e9ctrico en el extremo del cable y asegura una operaci\u00f3n confiable en ambientes interiores.<\/p>\n","protected":false},"featured_media":28671,"comment_status":"open","ping_status":"closed","template":"","meta":[],"product_brand":[99],"product_cat":[77,177],"product_tag":[154,155],"class_list":{"0":"post-28670","1":"product","2":"type-product","3":"status-publish","4":"has-post-thumbnail","6":"product_brand-chardon","7":"product_cat-terminales","8":"product_cat-contractil-en-frio","9":"product_tag-accesorios-para-cables-iec","10":"product_tag-terminaciones-contraible-en-frio","12":"first","13":"instock","14":"taxable","15":"shipping-taxable","16":"purchasable","17":"product-type-simple"},"_links":{"self":[{"href":"https:\/\/iutilityvenezuela.com\/index.php?rest_route=\/wp\/v2\/product\/28670","targetHints":{"allow":["GET"]}}],"collection":[{"href":"https:\/\/iutilityvenezuela.com\/index.php?rest_route=\/wp\/v2\/product"}],"about":[{"href":"https:\/\/iutilityvenezuela.com\/index.php?rest_route=\/wp\/v2\/types\/product"}],"replies":[{"embeddable":true,"href":"https:\/\/iutilityvenezuela.com\/index.php?rest_route=%2Fwp%2Fv2%2Fcomments&post=28670"}],"version-history":[{"count":4,"href":"https:\/\/iutilityvenezuela.com\/index.php?rest_route=\/wp\/v2\/product\/28670\/revisions"}],"predecessor-version":[{"id":29591,"href":"https:\/\/iutilityvenezuela.com\/index.php?rest_route=\/wp\/v2\/product\/28670\/revisions\/29591"}],"wp:featuredmedia":[{"embeddable":true,"href":"https:\/\/iutilityvenezuela.com\/index.php?rest_route=\/wp\/v2\/media\/28671"}],"wp:attachment":[{"href":"https:\/\/iutilityvenezuela.com\/index.php?rest_route=%2Fwp%2Fv2%2Fmedia&parent=28670"}],"wp:term":[{"taxonomy":"product_brand","embeddable":true,"href":"https:\/\/iutilityvenezuela.com\/index.php?rest_route=%2Fwp%2Fv2%2Fproduct_brand&post=28670"},{"taxonomy":"product_cat","embeddable":true,"href":"https:\/\/iutilityvenezuela.com\/index.php?rest_route=%2Fwp%2Fv2%2Fproduct_cat&post=28670"},{"taxonomy":"product_tag","embeddable":true,"href":"https:\/\/iutilityvenezuela.com\/index.php?rest_route=%2Fwp%2Fv2%2Fproduct_tag&post=28670"}],"curies":[{"name":"wp","href":"https:\/\/api.w.org\/{rel}","templated":true}]}}