{"id":28151,"date":"2025-06-02T11:48:55","date_gmt":"2025-06-02T15:48:55","guid":{"rendered":"https:\/\/iutility.grupoloscar.net\/?post_type=product&#038;p=28151"},"modified":"2025-10-20T00:22:39","modified_gmt":"2025-10-20T04:22:39","slug":"corta-corriente-polimerico-15kv","status":"publish","type":"product","link":"https:\/\/iutilityvenezuela.com\/?product=corta-corriente-polimerico-15kv","title":{"rendered":"CORTA CORRIENTE POLIM\u00c9RICO 15KV"},"content":{"rendered":"<pre style=\"text-align: right\">4300 \/ 10194170<\/pre>\n<p>&nbsp;<\/p>\n","protected":false},"excerpt":{"rendered":"<p>Se utiliza para interrumpir el flujo de electricidad en un circuito el\u00e9ctrico de media tensi\u00f3n. Protege a los usuarios y el equipo de sobretensiones, cortocircuitos y otros problemas el\u00e9ctricos.<\/p>\n","protected":false},"featured_media":28153,"comment_status":"open","ping_status":"closed","template":"","meta":[],"product_brand":[102],"product_cat":[74,136],"product_tag":[128,129],"class_list":{"0":"post-28151","1":"product","2":"type-product","3":"status-publish","4":"has-post-thumbnail","6":"product_brand-eleconstruc","7":"product_cat-cortacorriente","8":"product_cat-polimerico-15kva","9":"product_tag-120-240-voltios","10":"product_tag-para-distribucion-intemperie-poste","12":"first","13":"instock","14":"taxable","15":"shipping-taxable","16":"purchasable","17":"product-type-simple"},"_links":{"self":[{"href":"https:\/\/iutilityvenezuela.com\/index.php?rest_route=\/wp\/v2\/product\/28151","targetHints":{"allow":["GET"]}}],"collection":[{"href":"https:\/\/iutilityvenezuela.com\/index.php?rest_route=\/wp\/v2\/product"}],"about":[{"href":"https:\/\/iutilityvenezuela.com\/index.php?rest_route=\/wp\/v2\/types\/product"}],"replies":[{"embeddable":true,"href":"https:\/\/iutilityvenezuela.com\/index.php?rest_route=%2Fwp%2Fv2%2Fcomments&post=28151"}],"version-history":[{"count":6,"href":"https:\/\/iutilityvenezuela.com\/index.php?rest_route=\/wp\/v2\/product\/28151\/revisions"}],"predecessor-version":[{"id":29484,"href":"https:\/\/iutilityvenezuela.com\/index.php?rest_route=\/wp\/v2\/product\/28151\/revisions\/29484"}],"wp:featuredmedia":[{"embeddable":true,"href":"https:\/\/iutilityvenezuela.com\/index.php?rest_route=\/wp\/v2\/media\/28153"}],"wp:attachment":[{"href":"https:\/\/iutilityvenezuela.com\/index.php?rest_route=%2Fwp%2Fv2%2Fmedia&parent=28151"}],"wp:term":[{"taxonomy":"product_brand","embeddable":true,"href":"https:\/\/iutilityvenezuela.com\/index.php?rest_route=%2Fwp%2Fv2%2Fproduct_brand&post=28151"},{"taxonomy":"product_cat","embeddable":true,"href":"https:\/\/iutilityvenezuela.com\/index.php?rest_route=%2Fwp%2Fv2%2Fproduct_cat&post=28151"},{"taxonomy":"product_tag","embeddable":true,"href":"https:\/\/iutilityvenezuela.com\/index.php?rest_route=%2Fwp%2Fv2%2Fproduct_tag&post=28151"}],"curies":[{"name":"wp","href":"https:\/\/api.w.org\/{rel}","templated":true}]}}