{"id":27822,"date":"2025-05-22T11:10:21","date_gmt":"2025-05-22T15:10:21","guid":{"rendered":"https:\/\/iutility.grupoloscar.net\/?post_type=product&#038;p=27822"},"modified":"2025-10-20T00:13:09","modified_gmt":"2025-10-20T04:13:09","slug":"premium-37-verde-cinta-aislante-electrica-de-pvc","status":"publish","type":"product","link":"https:\/\/iutilityvenezuela.com\/?product=premium-37-verde-cinta-aislante-electrica-de-pvc","title":{"rendered":"PREMIUM 37 VERDE &#8211; Cinta Aislante El\u00e9ctrica de PVC"},"content":{"rendered":"<p>Cinta profesional de 0,18mm de espesor disponible en nueve colores para una codificaci\u00f3n perfecta. Excelente elasticidad y propiedades aislantes. Alta resistencia contra la abrasi\u00f3n, agua, aceites, \u00e1cidos y qu\u00edmicos corrosivos. R\u00e1pida identificaci\u00f3n de circuitos el\u00e9ctricos, contenedores y sistemas de conducci\u00f3n de cables, as\u00ed como el aislamiento primario de empalmes hasta 600V.<\/p>\n<p><strong>Rango de temperatura:<\/strong><br \/>\n-10\u00baC a 105\u00baC | 14\u00baF a 221\u00baF<\/p>\n<p><strong>Caracter\u00edsticas:<\/strong><br \/>\n<img fetchpriority=\"high\" decoding=\"async\" class=\"alignnone size-medium wp-image-28979\" src=\"https:\/\/iutility.grupoloscar.net\/wp-content\/uploads\/2025\/05\/Premium-37-400x242.webp\" alt=\"\" width=\"400\" height=\"242\" srcset=\"https:\/\/iutilityvenezuela.com\/wp-content\/uploads\/2025\/05\/Premium-37-400x242.webp 400w, https:\/\/iutilityvenezuela.com\/wp-content\/uploads\/2025\/05\/Premium-37-1300x785.webp 1300w, https:\/\/iutilityvenezuela.com\/wp-content\/uploads\/2025\/05\/Premium-37-768x464.webp 768w, https:\/\/iutilityvenezuela.com\/wp-content\/uploads\/2025\/05\/Premium-37-1536x928.webp 1536w, https:\/\/iutilityvenezuela.com\/wp-content\/uploads\/2025\/05\/Premium-37-350x211.webp 350w, https:\/\/iutilityvenezuela.com\/wp-content\/uploads\/2025\/05\/Premium-37-500x302.webp 500w, https:\/\/iutilityvenezuela.com\/wp-content\/uploads\/2025\/05\/Premium-37-150x91.webp 150w, https:\/\/iutilityvenezuela.com\/wp-content\/uploads\/2025\/05\/Premium-37.webp 1851w\" sizes=\"(max-width: 400px) 100vw, 400px\" \/><\/p>\n<pre style=\"text-align: right\">10159065-1<\/pre>\n","protected":false},"excerpt":{"rendered":"<p>Cinta profesional de 0,18mm de espesor disponible en nueve colores para una codificaci\u00f3n perfecta.<\/p>\n<p>&nbsp;<\/p>\n","protected":false},"featured_media":27780,"comment_status":"open","ping_status":"closed","template":"","meta":[],"product_brand":[98],"product_cat":[73,83],"product_tag":[121,114],"class_list":{"0":"post-27822","1":"product","2":"type-product","3":"status-publish","4":"has-post-thumbnail","6":"product_brand-plymouth","7":"product_cat-cintas-aislantes","8":"product_cat-cinta-electrica-de-pvc","9":"product_tag-codificacion-por-color","10":"product_tag-uso-profesional","12":"first","13":"instock","14":"taxable","15":"shipping-taxable","16":"purchasable","17":"product-type-simple"},"_links":{"self":[{"href":"https:\/\/iutilityvenezuela.com\/index.php?rest_route=\/wp\/v2\/product\/27822","targetHints":{"allow":["GET"]}}],"collection":[{"href":"https:\/\/iutilityvenezuela.com\/index.php?rest_route=\/wp\/v2\/product"}],"about":[{"href":"https:\/\/iutilityvenezuela.com\/index.php?rest_route=\/wp\/v2\/types\/product"}],"replies":[{"embeddable":true,"href":"https:\/\/iutilityvenezuela.com\/index.php?rest_route=%2Fwp%2Fv2%2Fcomments&post=27822"}],"version-history":[{"count":12,"href":"https:\/\/iutilityvenezuela.com\/index.php?rest_route=\/wp\/v2\/product\/27822\/revisions"}],"predecessor-version":[{"id":29482,"href":"https:\/\/iutilityvenezuela.com\/index.php?rest_route=\/wp\/v2\/product\/27822\/revisions\/29482"}],"wp:featuredmedia":[{"embeddable":true,"href":"https:\/\/iutilityvenezuela.com\/index.php?rest_route=\/wp\/v2\/media\/27780"}],"wp:attachment":[{"href":"https:\/\/iutilityvenezuela.com\/index.php?rest_route=%2Fwp%2Fv2%2Fmedia&parent=27822"}],"wp:term":[{"taxonomy":"product_brand","embeddable":true,"href":"https:\/\/iutilityvenezuela.com\/index.php?rest_route=%2Fwp%2Fv2%2Fproduct_brand&post=27822"},{"taxonomy":"product_cat","embeddable":true,"href":"https:\/\/iutilityvenezuela.com\/index.php?rest_route=%2Fwp%2Fv2%2Fproduct_cat&post=27822"},{"taxonomy":"product_tag","embeddable":true,"href":"https:\/\/iutilityvenezuela.com\/index.php?rest_route=%2Fwp%2Fv2%2Fproduct_tag&post=27822"}],"curies":[{"name":"wp","href":"https:\/\/api.w.org\/{rel}","templated":true}]}}