{"id":27799,"date":"2025-05-22T10:30:58","date_gmt":"2025-05-22T14:30:58","guid":{"rendered":"https:\/\/iutility.grupoloscar.net\/?post_type=product&#038;p=27799"},"modified":"2025-10-19T23:52:01","modified_gmt":"2025-10-20T03:52:01","slug":"slipknot-platinum-7-0-cinta-aislante-uso-profesional","status":"publish","type":"product","link":"https:\/\/iutilityvenezuela.com\/?product=slipknot-platinum-7-0-cinta-aislante-uso-profesional","title":{"rendered":"SLIPKNOT PLATINUM 7.0 &#8211; Cinta Aislante Uso Profesional"},"content":{"rendered":"<p>Cinta de PVC de calidad premium de 0,18mm de espesor, dise\u00f1ada para ser utilizada en todo tipo de condiciones clim\u00e1ticas. La tecnolog\u00eda y formulaci\u00f3n ULTRAFLEX es una combinaci\u00f3n perfecta y equilibrada de un soporte de gran elasticidad con un potente adhesivo que confiere una elasticidad y adaptabilidad superior.<\/p>\n<p><strong>Rango de temperatura:<br \/>\n<\/strong>-18\u00baC a 105\u00baC | 0\u00baF a 221\u00baF<\/p>\n<p><strong>Caracter\u00edsticas:<br \/>\n<img fetchpriority=\"high\" decoding=\"async\" class=\"alignnone size-medium wp-image-28976\" src=\"https:\/\/iutility.grupoloscar.net\/wp-content\/uploads\/2025\/05\/Slipknot-Platinum-7.0-400x141.webp\" alt=\"\" width=\"400\" height=\"141\" srcset=\"https:\/\/iutilityvenezuela.com\/wp-content\/uploads\/2025\/05\/Slipknot-Platinum-7.0-400x141.webp 400w, https:\/\/iutilityvenezuela.com\/wp-content\/uploads\/2025\/05\/Slipknot-Platinum-7.0-1300x460.webp 1300w, https:\/\/iutilityvenezuela.com\/wp-content\/uploads\/2025\/05\/Slipknot-Platinum-7.0-768x272.webp 768w, https:\/\/iutilityvenezuela.com\/wp-content\/uploads\/2025\/05\/Slipknot-Platinum-7.0-1536x543.webp 1536w, https:\/\/iutilityvenezuela.com\/wp-content\/uploads\/2025\/05\/Slipknot-Platinum-7.0-350x124.webp 350w, https:\/\/iutilityvenezuela.com\/wp-content\/uploads\/2025\/05\/Slipknot-Platinum-7.0-500x177.webp 500w, https:\/\/iutilityvenezuela.com\/wp-content\/uploads\/2025\/05\/Slipknot-Platinum-7.0-150x53.webp 150w, https:\/\/iutilityvenezuela.com\/wp-content\/uploads\/2025\/05\/Slipknot-Platinum-7.0.webp 1784w\" sizes=\"(max-width: 400px) 100vw, 400px\" \/><br \/>\n<\/strong><\/p>\n<pre style=\"text-align: right\">12820 \/ 10159071<\/pre>\n","protected":false},"excerpt":{"rendered":"<p>Cinta de PVC de calidad premium de 0,18mm de espesor, dise\u00f1ada para ser utilizada en todo tipo de condiciones clim\u00e1ticas.<\/p>\n","protected":false},"featured_media":27779,"comment_status":"open","ping_status":"closed","template":"","meta":[],"product_brand":[98],"product_cat":[73,83],"product_tag":[113,114],"class_list":{"0":"post-27799","1":"product","2":"type-product","3":"status-publish","4":"has-post-thumbnail","6":"product_brand-plymouth","7":"product_cat-cintas-aislantes","8":"product_cat-cinta-electrica-de-pvc","9":"product_tag-excelente-elasticidad","10":"product_tag-uso-profesional","12":"first","13":"instock","14":"taxable","15":"shipping-taxable","16":"purchasable","17":"product-type-simple"},"_links":{"self":[{"href":"https:\/\/iutilityvenezuela.com\/index.php?rest_route=\/wp\/v2\/product\/27799","targetHints":{"allow":["GET"]}}],"collection":[{"href":"https:\/\/iutilityvenezuela.com\/index.php?rest_route=\/wp\/v2\/product"}],"about":[{"href":"https:\/\/iutilityvenezuela.com\/index.php?rest_route=\/wp\/v2\/types\/product"}],"replies":[{"embeddable":true,"href":"https:\/\/iutilityvenezuela.com\/index.php?rest_route=%2Fwp%2Fv2%2Fcomments&post=27799"}],"version-history":[{"count":9,"href":"https:\/\/iutilityvenezuela.com\/index.php?rest_route=\/wp\/v2\/product\/27799\/revisions"}],"predecessor-version":[{"id":29475,"href":"https:\/\/iutilityvenezuela.com\/index.php?rest_route=\/wp\/v2\/product\/27799\/revisions\/29475"}],"wp:featuredmedia":[{"embeddable":true,"href":"https:\/\/iutilityvenezuela.com\/index.php?rest_route=\/wp\/v2\/media\/27779"}],"wp:attachment":[{"href":"https:\/\/iutilityvenezuela.com\/index.php?rest_route=%2Fwp%2Fv2%2Fmedia&parent=27799"}],"wp:term":[{"taxonomy":"product_brand","embeddable":true,"href":"https:\/\/iutilityvenezuela.com\/index.php?rest_route=%2Fwp%2Fv2%2Fproduct_brand&post=27799"},{"taxonomy":"product_cat","embeddable":true,"href":"https:\/\/iutilityvenezuela.com\/index.php?rest_route=%2Fwp%2Fv2%2Fproduct_cat&post=27799"},{"taxonomy":"product_tag","embeddable":true,"href":"https:\/\/iutilityvenezuela.com\/index.php?rest_route=%2Fwp%2Fv2%2Fproduct_tag&post=27799"}],"curies":[{"name":"wp","href":"https:\/\/api.w.org\/{rel}","templated":true}]}}